{"id":12,"date":"2023-01-11T11:40:42","date_gmt":"2023-01-11T11:40:42","guid":{"rendered":"https:\/\/www.vastaranta.net\/himmeli\/?page_id=12"},"modified":"2023-01-11T11:40:42","modified_gmt":"2023-01-11T11:40:42","slug":"valmistus","status":"publish","type":"page","link":"https:\/\/www.vastaranta.net\/himmeli\/valmistus\/","title":{"rendered":"Valmistus"},"content":{"rendered":"\n<p>Himmelin valmistus vaatii tekij\u00e4lt\u00e4\u00e4n geometrist\u00e4 hahmottamiskyky\u00e4, joten aloittelijan on syyt\u00e4 valita yksinkertainen ja helppo malli. Yksinkertaisin himmeli koostuu yhdest\u00e4 isosta peruskuviosta ja kuudesta pienest\u00e4 kuviosta. Pienet kuviot roikkuvat ison jokaisesta kulmasta, jolloin yksi on ison kuvion sis\u00e4ll\u00e4.<br><br>T\u00e4ll\u00e4 sivulla keskityt\u00e4\u00e4n juuri t\u00e4ll\u00e4isen yksinkertaisen mallin rakentamiseen. Peruskuvion teosta on kaksi ty\u00f6tapaa, joista molemmista on piiros-ohjeet.<\/p>\n\n\n\n<h4 class=\"wp-block-heading\">Peruskuvio tapa 1<\/h4>\n\n\n\n<p>Pujota kolme olkea lankaan ja solmi ne kolmioksi(A). Lis\u00e4\u00e4 kaksi olkea ja solmi ne kolmion kulmaan(B). Jatka samalla tavalla lis\u00e4ten viel\u00e4 kolme &#8220;kolmiota&#8221;, jolloin muodostuu kuvan osoittama olkiketju. Lis\u00e4\u00e4 viel\u00e4 yksi olki, jonka j\u00e4lkeen solmit sen kiinni aloituskulmaan(A). Pujota lanka oljen sis\u00e4ll\u00e4 kulmaan C ja solmi se kulman D kanssa.<\/p>\n\n\n\n<figure class=\"wp-block-image size-full\"><img loading=\"lazy\" decoding=\"async\" width=\"500\" height=\"131\" src=\"https:\/\/www.vastaranta.net\/himmeli\/wp-content\/uploads\/2023\/01\/tapa1b.jpg\" alt=\"\" class=\"wp-image-13\" srcset=\"https:\/\/www.vastaranta.net\/himmeli\/wp-content\/uploads\/2023\/01\/tapa1b.jpg 500w, https:\/\/www.vastaranta.net\/himmeli\/wp-content\/uploads\/2023\/01\/tapa1b-300x79.jpg 300w\" sizes=\"auto, (max-width: 500px) 100vw, 500px\" \/><\/figure>\n\n\n\n<h4 class=\"wp-block-heading\">Peruskuvio tapa 2<\/h4>\n\n\n\n<p>Pujota nelj\u00e4 olkea lankaan ja solmi ne neli\u00f6ksi. Lis\u00e4\u00e4 kaksi olkea ja solmi ne kulmaan B. Lis\u00e4\u00e4 samalla tavalla kaksi olkea ja solmi ne aloituskulmaan A. Pujota lanka olkea pitkin kulmaan C. Lis\u00e4\u00e4 olki ja solmi se kulmaan D. Jatka samalla tavalla kuution ymp\u00e4ri.<\/p>\n\n\n\n<figure class=\"wp-block-image size-full\"><img loading=\"lazy\" decoding=\"async\" width=\"500\" height=\"137\" src=\"https:\/\/www.vastaranta.net\/himmeli\/wp-content\/uploads\/2023\/01\/tapa2b.jpg\" alt=\"\" class=\"wp-image-14\" srcset=\"https:\/\/www.vastaranta.net\/himmeli\/wp-content\/uploads\/2023\/01\/tapa2b.jpg 500w, https:\/\/www.vastaranta.net\/himmeli\/wp-content\/uploads\/2023\/01\/tapa2b-300x82.jpg 300w\" sizes=\"auto, (max-width: 500px) 100vw, 500px\" \/><\/figure>\n\n\n\n<p>Perushimmeli\u00e4 varten tarvitset kuusi pient\u00e4 kuviota ja yhden ison kuvion. Ripusta joka kulmaan yksi kuvio. Halutessasi voit laittaa muutaman sentin pituisen oljenp\u00e4tk\u00e4n ison ja pienten kuvioiden v\u00e4liin.<\/p>\n","protected":false},"excerpt":{"rendered":"<p>Himmelin valmistus vaatii tekij\u00e4lt\u00e4\u00e4n geometrist\u00e4 hahmottamiskyky\u00e4, joten aloittelijan on syyt\u00e4 valita yksinkertainen ja helppo malli. Yksinkertaisin himmeli koostuu yhdest\u00e4 isosta peruskuviosta ja kuudesta pienest\u00e4 kuviosta. Pienet kuviot roikkuvat ison jokaisesta kulmasta, jolloin yksi on ison kuvion sis\u00e4ll\u00e4. T\u00e4ll\u00e4 sivulla keskityt\u00e4\u00e4n juuri t\u00e4ll\u00e4isen yksinkertaisen mallin rakentamiseen. Peruskuvion teosta on kaksi ty\u00f6tapaa, joista molemmista on piiros-ohjeet. Peruskuvio&#8230;<\/p>\n","protected":false},"author":1,"featured_media":0,"parent":0,"menu_order":0,"comment_status":"closed","ping_status":"closed","template":"","meta":{"_kad_post_transparent":"","_kad_post_title":"","_kad_post_layout":"","_kad_post_sidebar_id":"","_kad_post_content_style":"","_kad_post_vertical_padding":"","_kad_post_feature":"","_kad_post_feature_position":"","_kad_post_header":false,"_kad_post_footer":false,"footnotes":""},"class_list":["post-12","page","type-page","status-publish","hentry"],"_links":{"self":[{"href":"https:\/\/www.vastaranta.net\/himmeli\/wp-json\/wp\/v2\/pages\/12","targetHints":{"allow":["GET"]}}],"collection":[{"href":"https:\/\/www.vastaranta.net\/himmeli\/wp-json\/wp\/v2\/pages"}],"about":[{"href":"https:\/\/www.vastaranta.net\/himmeli\/wp-json\/wp\/v2\/types\/page"}],"author":[{"embeddable":true,"href":"https:\/\/www.vastaranta.net\/himmeli\/wp-json\/wp\/v2\/users\/1"}],"replies":[{"embeddable":true,"href":"https:\/\/www.vastaranta.net\/himmeli\/wp-json\/wp\/v2\/comments?post=12"}],"version-history":[{"count":1,"href":"https:\/\/www.vastaranta.net\/himmeli\/wp-json\/wp\/v2\/pages\/12\/revisions"}],"predecessor-version":[{"id":15,"href":"https:\/\/www.vastaranta.net\/himmeli\/wp-json\/wp\/v2\/pages\/12\/revisions\/15"}],"wp:attachment":[{"href":"https:\/\/www.vastaranta.net\/himmeli\/wp-json\/wp\/v2\/media?parent=12"}],"curies":[{"name":"wp","href":"https:\/\/api.w.org\/{rel}","templated":true}]}}